{"id":297,"date":"2021-01-03T18:16:13","date_gmt":"2021-01-03T17:16:13","guid":{"rendered":"https:\/\/sprachcafe-polnisch.org\/?page_id=297"},"modified":"2025-04-13T16:57:53","modified_gmt":"2025-04-13T14:57:53","slug":"biblioteka","status":"publish","type":"page","link":"https:\/\/sprachcafe-polnisch.org\/pl\/o-nas\/biblioteka\/","title":{"rendered":"Biblioteka"},"content":{"rendered":"\n<h1 class=\"wp-block-heading\">Biblioteka i sklepik z ksi\u0105\u017ckami<\/h1>\n\n\n\n<div class=\"wp-block-columns is-layout-flex wp-container-core-columns-is-layout-9d6595d7 wp-block-columns-is-layout-flex\">\n<div class=\"wp-block-column is-layout-flow wp-block-column-is-layout-flow\">\n<figure class=\"wp-block-image size-large\"><img data-recalc-dims=\"1\" loading=\"lazy\" decoding=\"async\" width=\"960\" height=\"640\" src=\"https:\/\/i0.wp.com\/sprachcafe-polnisch.org\/wp-content\/uploads\/2021\/01\/ueber-uns-hausbibliothek.jpg?resize=960%2C640&#038;ssl=1\" alt=\"\" class=\"wp-image-67\" srcset=\"https:\/\/i0.wp.com\/sprachcafe-polnisch.org\/wp-content\/uploads\/2021\/01\/ueber-uns-hausbibliothek.jpg?resize=1024%2C683&amp;ssl=1 1024w, https:\/\/i0.wp.com\/sprachcafe-polnisch.org\/wp-content\/uploads\/2021\/01\/ueber-uns-hausbibliothek.jpg?resize=300%2C200&amp;ssl=1 300w, https:\/\/i0.wp.com\/sprachcafe-polnisch.org\/wp-content\/uploads\/2021\/01\/ueber-uns-hausbibliothek.jpg?resize=768%2C512&amp;ssl=1 768w, https:\/\/i0.wp.com\/sprachcafe-polnisch.org\/wp-content\/uploads\/2021\/01\/ueber-uns-hausbibliothek.jpg?resize=1160%2C773&amp;ssl=1 1160w, https:\/\/i0.wp.com\/sprachcafe-polnisch.org\/wp-content\/uploads\/2021\/01\/ueber-uns-hausbibliothek.jpg?w=1500&amp;ssl=1 1500w\" sizes=\"auto, (max-width: 960px) 100vw, 960px\" \/><\/figure>\n<\/div>\n<\/div>\n\n\n\n<p>W ramach dzia\u0142alno\u015bci SprachCafe Polnisch przygotowali\u015bmy dla Was dwie biblioteki. <\/p>\n\n\n\n<h2 class=\"wp-block-heading\">Schulzestr. 1<\/h2>\n\n\n\n<p>Biblioteka, w kt\u00f3rej opr\u00f3cz ksi\u0105\u017cek w j\u0119zyku polskim oraz tych&nbsp;<strong>o Polsce<\/strong>, mo\u017cna znale\u017a\u0107&nbsp;<strong>niemieckoj\u0119zyczne wersje dzie\u0142 polskich autor\u00f3w<\/strong>. Ksi\u0105\u017cki mo\u017cna zar\u00f3wno wypo\u017cyczy\u0107, jak i kupi\u0107. R\u00f3wnie\u017c ksi\u0105\u017cki autorek i autor\u00f3w, kt\u00f3rzy odwiedzaj\u0105 kafejk\u0119, przy dozie szcz\u0119\u015bcia z ich autografem.&nbsp; &nbsp;<\/p>\n\n\n\n<p>W bibliotece gromadzimy ksi\u0105\u017cki z nast\u0119puj\u0105cych dzia\u0142\u00f3w:&nbsp;<\/p>\n\n\n\n<ul class=\"wp-block-list\">\n<li>ksi\u0105\u017cki&nbsp;o Polsce&nbsp;(albumy, historyczne, przewodniki, biografie itp.) po polsku i niemiecku,&nbsp;<\/li>\n\n\n\n<li>powie\u015bci i wiersze&nbsp;dla doros\u0142ych i m\u0142odzie\u017cy po polsku,&nbsp;<\/li>\n\n\n\n<li>niemieckoj\u0119zyczne ksi\u0105\u017cki polskich autor\u00f3w,&nbsp;<\/li>\n\n\n\n<li>ksi\u0105\u017cki dla dzieci&nbsp;w j\u0119zyku polskim i niemieckim.&nbsp;<\/li>\n<\/ul>\n\n\n\n<h2 class=\"wp-block-heading\">Gotenstr. 45<\/h2>\n\n\n\n<p>W Kafejce na po\u0142udniu Berlina otworzyli\u015bmy dla Was wolontariack\u0105 <strong>biblioteczk\u0119 dla dzieci<\/strong>, w kt\u00f3rej gromadzimy polskoj\u0119zyczne ksi\u0105\u017cki <strong>dla dzieci w wieku 0-12 lat<\/strong>.&nbsp;<\/p>\n\n\n\n<h2 class=\"wp-block-heading\">Zasady korzystania z bibliotek:&nbsp;<\/h2>\n\n\n\n<ol start=\"1\" class=\"wp-block-list\">\n<li>Ksi\u0105\u017cki mo\u017cna wypo\u017cycza\u0107 po wp\u0142aceniu jednorazowej op\u0142aty w wysoko\u015bci&nbsp;10\u20ac (got\u00f3wk\u0105 na miejscu) i podpisaniu BDSG (zgoda na przetwarzanie danych osobowych).&nbsp;Jednorazowa wp\u0142ata kaucji upowa\u017cnia do korzystania z obu bibliotek. &nbsp;<\/li>\n\n\n\n<li> Maksymalnie mo\u017cna wypo\u017cyczy\u0107&nbsp;trzy egzemplarze jednocze\u015bnie. Okres wypo\u017cyczenia to dwa tygodnie. &nbsp;<\/li>\n\n\n\n<li>Fakt wpo\u017cyczenia ksi\u0105\u017cki nale\u017cy odnotowa\u0107&nbsp;w zeszycie wypo\u017cycze\u0144, podaj\u0105c: imi\u0119, nazwisko, adres e-mail i numer telefonu.&nbsp;<\/li>\n\n\n\n<li>Godziny otwarcia biblioteki pokrywaj\u0105 si\u0119 z godzinami otwarcia Kafejki na Schulzestr. 1 oraz podczas prowadzonych zaj\u0119\u0107 na Gotenstr. 45&nbsp;<\/li>\n<\/ol>\n\n\n\n<p>Biblioteka&nbsp;prowadzona jest wolontariacko.&nbsp;<\/p>\n\n\n\n<p>Czytelniczki i czytelnicy mog\u0105 otrzyma\u0107 katalog online z wszystkimi pozycjami znajduj\u0105cymi si\u0119 w obu bibliotekach.&nbsp;<\/p>\n\n\n\n<h2 class=\"wp-block-heading\">Kontakt<\/h2>\n\n\n\n<p>E-Mail: <a href=\"mailto:bibliothek@sprachcafe-polnisch.org\">bibliothek@sprachcafe-polnisch.org<\/a><\/p>\n\n\n\n<h2 class=\"wp-block-heading\">Dost\u0119p do katalogu ksi\u0105\u017cek i regulamin biblioteki<\/h2>\n\n\n\n<p>Katalog: <a href=\"https:\/\/sprachcafepolnisch-my.sharepoint.com\/:x:\/g\/personal\/m_pelszyk_sprachcafe-polnisch_org\/EVPG3JAChwVCphvcjk4w2z8BsqkcIKlRIKTCEo4KduH2aQ?e=vFCytD\">Katalog ksi\u0105\u017cek.xlsx<\/a><\/p>\n\n\n\n<p>Regulamin biblioteczki na Gotenstr. 45: <a href=\"https:\/\/sprachcafepolnisch-my.sharepoint.com\/:w:\/g\/personal\/m_pelszyk_sprachcafe-polnisch_org\/EQE6dLVMKQVBsC-VsPcYavUBxm-LzZzX311S7KA-88aiKA?e=hYgdb5\">Regulamin biblioteki.docx<\/a>, <a href=\"https:\/\/sprachcafepolnisch-my.sharepoint.com\/:w:\/g\/personal\/m_pelszyk_sprachcafe-polnisch_org\/EfaQ3HYG9r1Llr6jxDZCxfMBFuSpC4qE9sC0UPkMtd6rbw?e=h0Vgj3\">Bibliotheksordnung<\/a><\/p>\n\n\n\n<p>Regulamin biblioteki na Schulzestr. 1: <a href=\"https:\/\/sprachcafepolnisch-my.sharepoint.com\/:w:\/g\/personal\/m_pelszyk_sprachcafe-polnisch_org\/ERfiDBi5rWNAieUaxWRY0CQBcJUbY5dyPiYEMHM_BzDHGg?e=Qbk9de\" data-type=\"link\" data-id=\"https:\/\/sprachcafepolnisch-my.sharepoint.com\/:w:\/g\/personal\/m_pelszyk_sprachcafe-polnisch_org\/ERfiDBi5rWNAieUaxWRY0CQBcJUbY5dyPiYEMHM_BzDHGg?e=Qbk9de\">Regulamin biblioteki<\/a>,<a href=\"https:\/\/sprachcafepolnisch-my.sharepoint.com\/:w:\/g\/personal\/m_pelszyk_sprachcafe-polnisch_org\/EQNHaVvmEJ1Ej-CemT2yKUYBBETyS6oNM5m6QiAqzmlS9Q?e=kGudEu\" data-type=\"link\" data-id=\"https:\/\/sprachcafepolnisch-my.sharepoint.com\/:w:\/g\/personal\/m_pelszyk_sprachcafe-polnisch_org\/EQNHaVvmEJ1Ej-CemT2yKUYBBETyS6oNM5m6QiAqzmlS9Q?e=kGudEu\"> Bibliotheksordnung <\/a><\/p>\n\n\n\n<p>Ch\u0119tnie przyjmujemy r\u00f3wnie\u017c ksi\u0105\u017cki u\u017cywane. Z g\u00f3ry serdecznie <strong>dzi\u0119kujemy za podarunki<\/strong>! <br>Prosimy o uprzednie przes\u0142anie zdj\u0119cia grzbietu ksi\u0105\u017cki\/-\u017cek na adres mailowy: <a href=\"mailto:bibliothek@sprachcafe-polnisch.org\">bibliothek@sprachcafe-polnisch.org<\/a><\/p>\n\n\n\n<p>Zajrzyj <a href=\"https:\/\/sprachcafe-polnisch.org\/pl\/o-nas\/sklepik\/\" data-type=\"page\" data-id=\"259\">do naszego sklepiku<\/a> i <a href=\"https:\/\/sprachcafe-polnisch.org\/pl\/wydarzenia\/\">kalendarza wydarze\u0144<\/a>.<\/p>\n\n\n\n<p><\/p>\n\n\n\n<figure class=\"wp-block-pullquote has-black-color has-text-color\"><blockquote><p>Dzi\u0119kujemy za przekazane nam ksi\u0105\u017cki!<\/p><\/blockquote><\/figure>\n\n\n\n<p><\/p>\n","protected":false},"excerpt":{"rendered":"<p>Biblioteka i sklepik z ksi\u0105\u017ckami W ramach dzia\u0142alno\u015bci SprachCafe Polnisch przygotowali\u015bmy dla Was dwie biblioteki. Schulzestr. 1 Biblioteka, w kt\u00f3rej opr\u00f3cz ksi\u0105\u017cek w j\u0119zyku polskim oraz tych&nbsp;o Polsce, mo\u017cna znale\u017a\u0107&nbsp;niemieckoj\u0119zyczne wersje dzie\u0142 polskich autor\u00f3w. Ksi\u0105\u017cki mo\u017cna zar\u00f3wno wypo\u017cyczy\u0107, jak i kupi\u0107. R\u00f3wnie\u017c ksi\u0105\u017cki autorek i autor\u00f3w, kt\u00f3rzy odwiedzaj\u0105 kafejk\u0119, przy dozie szcz\u0119\u015bcia z ich autografem.&nbsp; &nbsp; W bibliotece gromadzimy ksi\u0105\u017cki z nast\u0119puj\u0105cych dzia\u0142\u00f3w:&nbsp; Gotenstr. 45 W Kafejce na po\u0142udniu Berlina otworzyli\u015bmy dla Was wolontariack\u0105 biblioteczk\u0119 dla dzieci, w kt\u00f3rej gromadzimy polskoj\u0119zyczne ksi\u0105\u017cki dla dzieci w wieku 0-12 lat.&nbsp; Zasady korzystania z bibliotek:&nbsp; Biblioteka&nbsp;prowadzona jest wolontariacko.&nbsp; Czytelniczki i czytelnicy mog\u0105 otrzyma\u0107 katalog online z wszystkimi pozycjami znajduj\u0105cymi si\u0119 w obu bibliotekach.&nbsp; Kontakt E-Mail: bibliothek@sprachcafe-polnisch.org Dost\u0119p do katalogu ksi\u0105\u017cek i regulamin biblioteki Katalog: Katalog ksi\u0105\u017cek.xlsx Regulamin biblioteczki na Gotenstr. 45: Regulamin biblioteki.docx, Bibliotheksordnung Regulamin biblioteki na Schulzestr. 1: Regulamin biblioteki, Bibliotheksordnung Ch\u0119tnie przyjmujemy r\u00f3wnie\u017c ksi\u0105\u017cki u\u017cywane. Z g\u00f3ry serdecznie dzi\u0119kujemy za podarunki! Prosimy o uprzednie przes\u0142anie zdj\u0119cia grzbietu ksi\u0105\u017cki\/-\u017cek na adres mailowy: bibliothek@sprachcafe-polnisch.org Zajrzyj do naszego sklepiku i kalendarza wydarze\u0144. Dzi\u0119kujemy za przekazane nam ksi\u0105\u017cki!<\/p>\n","protected":false},"author":1,"featured_media":0,"parent":131,"menu_order":3,"comment_status":"closed","ping_status":"closed","template":"","meta":{"jetpack_post_was_ever_published":false,"footnotes":""},"class_list":["post-297","page","type-page","status-publish","hentry"],"acf":[],"jetpack-related-posts":[],"jetpack_sharing_enabled":true,"_links":{"self":[{"href":"https:\/\/sprachcafe-polnisch.org\/pl\/wp-json\/wp\/v2\/pages\/297","targetHints":{"allow":["GET"]}}],"collection":[{"href":"https:\/\/sprachcafe-polnisch.org\/pl\/wp-json\/wp\/v2\/pages"}],"about":[{"href":"https:\/\/sprachcafe-polnisch.org\/pl\/wp-json\/wp\/v2\/types\/page"}],"author":[{"embeddable":true,"href":"https:\/\/sprachcafe-polnisch.org\/pl\/wp-json\/wp\/v2\/users\/1"}],"replies":[{"embeddable":true,"href":"https:\/\/sprachcafe-polnisch.org\/pl\/wp-json\/wp\/v2\/comments?post=297"}],"version-history":[{"count":15,"href":"https:\/\/sprachcafe-polnisch.org\/pl\/wp-json\/wp\/v2\/pages\/297\/revisions"}],"predecessor-version":[{"id":17521,"href":"https:\/\/sprachcafe-polnisch.org\/pl\/wp-json\/wp\/v2\/pages\/297\/revisions\/17521"}],"up":[{"embeddable":true,"href":"https:\/\/sprachcafe-polnisch.org\/pl\/wp-json\/wp\/v2\/pages\/131"}],"wp:attachment":[{"href":"https:\/\/sprachcafe-polnisch.org\/pl\/wp-json\/wp\/v2\/media?parent=297"}],"curies":[{"name":"wp","href":"https:\/\/api.w.org\/{rel}","templated":true}]}}

<h1 class="wp-block-heading">Biblioteka i sklepik z książkami</h1>



<div class="wp-block-columns is-layout-flex wp-container-core-columns-is-layout-9d6595d7 wp-block-columns-is-layout-flex">
<div class="wp-block-column is-layout-flow wp-block-column-is-layout-flow">
<figure class="wp-block-image size-large"><img data-recalc-dims="1" loading="lazy" decoding="async" width="960" height="640" src="https://i0.wp.com/sprachcafe-polnisch.org/wp-content/uploads/2021/01/ueber-uns-hausbibliothek.jpg?resize=960%2C640&#038;ssl=1" alt="" class="wp-image-67" srcset="https://i0.wp.com/sprachcafe-polnisch.org/wp-content/uploads/2021/01/ueber-uns-hausbibliothek.jpg?resize=1024%2C683&amp;ssl=1 1024w, https://i0.wp.com/sprachcafe-polnisch.org/wp-content/uploads/2021/01/ueber-uns-hausbibliothek.jpg?resize=300%2C200&amp;ssl=1 300w, https://i0.wp.com/sprachcafe-polnisch.org/wp-content/uploads/2021/01/ueber-uns-hausbibliothek.jpg?resize=768%2C512&amp;ssl=1 768w, https://i0.wp.com/sprachcafe-polnisch.org/wp-content/uploads/2021/01/ueber-uns-hausbibliothek.jpg?resize=1160%2C773&amp;ssl=1 1160w, https://i0.wp.com/sprachcafe-polnisch.org/wp-content/uploads/2021/01/ueber-uns-hausbibliothek.jpg?w=1500&amp;ssl=1 1500w" sizes="auto, (max-width: 960px) 100vw, 960px" /></figure>
</div>
</div>



<p>W ramach działalności SprachCafe Polnisch przygotowaliśmy dla Was dwie biblioteki. </p>



<h2 class="wp-block-heading">Schulzestr. 1</h2>



<p>Biblioteka, w której oprócz książek w języku polskim oraz tych&nbsp;<strong>o Polsce</strong>, można znaleźć&nbsp;<strong>niemieckojęzyczne wersje dzieł polskich autorów</strong>. Książki można zarówno wypożyczyć, jak i kupić. Również książki autorek i autorów, którzy odwiedzają kafejkę, przy dozie szczęścia z ich autografem.&nbsp; &nbsp;</p>



<p>W bibliotece gromadzimy książki z następujących działów:&nbsp;</p>



<ul class="wp-block-list">
<li>książki&nbsp;o Polsce&nbsp;(albumy, historyczne, przewodniki, biografie itp.) po polsku i niemiecku,&nbsp;</li>



<li>powieści i wiersze&nbsp;dla dorosłych i młodzieży po polsku,&nbsp;</li>



<li>niemieckojęzyczne książki polskich autorów,&nbsp;</li>



<li>książki dla dzieci&nbsp;w języku polskim i niemieckim.&nbsp;</li>
</ul>



<h2 class="wp-block-heading">Gotenstr. 45</h2>



<p>W Kafejce na południu Berlina otworzyliśmy dla Was wolontariacką <strong>biblioteczkę dla dzieci</strong>, w której gromadzimy polskojęzyczne książki <strong>dla dzieci w wieku 0-12 lat</strong>.&nbsp;</p>



<h2 class="wp-block-heading">Zasady korzystania z bibliotek:&nbsp;</h2>



<ol start="1" class="wp-block-list">
<li>Książki można wypożyczać po wpłaceniu jednorazowej opłaty w wysokości&nbsp;10€ (gotówką na miejscu) i podpisaniu BDSG (zgoda na przetwarzanie danych osobowych).&nbsp;Jednorazowa wpłata kaucji upoważnia do korzystania z obu bibliotek. &nbsp;</li>



<li> Maksymalnie można wypożyczyć&nbsp;trzy egzemplarze jednocześnie. Okres wypożyczenia to dwa tygodnie. &nbsp;</li>



<li>Fakt wpożyczenia książki należy odnotować&nbsp;w zeszycie wypożyczeń, podając: imię, nazwisko, adres e-mail i numer telefonu.&nbsp;</li>



<li>Godziny otwarcia biblioteki pokrywają się z godzinami otwarcia Kafejki na Schulzestr. 1 oraz podczas prowadzonych zajęć na Gotenstr. 45&nbsp;</li>
</ol>



<p>Biblioteka&nbsp;prowadzona jest wolontariacko.&nbsp;</p>



<p>Czytelniczki i czytelnicy mogą otrzymać katalog online z wszystkimi pozycjami znajdującymi się w obu bibliotekach.&nbsp;</p>



<h2 class="wp-block-heading">Kontakt</h2>



<p>E-Mail: <a href="mailto:bibliothek@sprachcafe-polnisch.org">bibliothek@sprachcafe-polnisch.org</a></p>



<h2 class="wp-block-heading">Dostęp do katalogu książek i regulamin biblioteki</h2>



<p>Katalog: <a href="https://sprachcafepolnisch-my.sharepoint.com/:x:/g/personal/m_pelszyk_sprachcafe-polnisch_org/EVPG3JAChwVCphvcjk4w2z8BsqkcIKlRIKTCEo4KduH2aQ?e=vFCytD">Katalog książek.xlsx</a></p>



<p>Regulamin biblioteczki na Gotenstr. 45: <a href="https://sprachcafepolnisch-my.sharepoint.com/:w:/g/personal/m_pelszyk_sprachcafe-polnisch_org/EQE6dLVMKQVBsC-VsPcYavUBxm-LzZzX311S7KA-88aiKA?e=hYgdb5">Regulamin biblioteki.docx</a>, <a href="https://sprachcafepolnisch-my.sharepoint.com/:w:/g/personal/m_pelszyk_sprachcafe-polnisch_org/EfaQ3HYG9r1Llr6jxDZCxfMBFuSpC4qE9sC0UPkMtd6rbw?e=h0Vgj3">Bibliotheksordnung</a></p>



<p>Regulamin biblioteki na Schulzestr. 1: <a href="https://sprachcafepolnisch-my.sharepoint.com/:w:/g/personal/m_pelszyk_sprachcafe-polnisch_org/ERfiDBi5rWNAieUaxWRY0CQBcJUbY5dyPiYEMHM_BzDHGg?e=Qbk9de" data-type="link" data-id="https://sprachcafepolnisch-my.sharepoint.com/:w:/g/personal/m_pelszyk_sprachcafe-polnisch_org/ERfiDBi5rWNAieUaxWRY0CQBcJUbY5dyPiYEMHM_BzDHGg?e=Qbk9de">Regulamin biblioteki</a>,<a href="https://sprachcafepolnisch-my.sharepoint.com/:w:/g/personal/m_pelszyk_sprachcafe-polnisch_org/EQNHaVvmEJ1Ej-CemT2yKUYBBETyS6oNM5m6QiAqzmlS9Q?e=kGudEu" data-type="link" data-id="https://sprachcafepolnisch-my.sharepoint.com/:w:/g/personal/m_pelszyk_sprachcafe-polnisch_org/EQNHaVvmEJ1Ej-CemT2yKUYBBETyS6oNM5m6QiAqzmlS9Q?e=kGudEu"> Bibliotheksordnung </a></p>



<p>Chętnie przyjmujemy również książki używane. Z góry serdecznie <strong>dziękujemy za podarunki</strong>! <br>Prosimy o uprzednie przesłanie zdjęcia grzbietu książki/-żek na adres mailowy: <a href="mailto:bibliothek@sprachcafe-polnisch.org">bibliothek@sprachcafe-polnisch.org</a></p>



<p>Zajrzyj <a href="https://sprachcafe-polnisch.org/pl/o-nas/sklepik/" data-type="page" data-id="259">do naszego sklepiku</a> i <a href="https://sprachcafe-polnisch.org/pl/wydarzenia/">kalendarza wydarzeń</a>.</p>



<p></p>



<figure class="wp-block-pullquote has-black-color has-text-color"><blockquote><p>Dziękujemy za przekazane nam książki!</p></blockquote></figure>



<p></p>

<p>Biblioteka i sklepik z książkami W ramach działalności SprachCafe Polnisch przygotowaliśmy dla Was dwie biblioteki. Schulzestr. 1 Biblioteka, w której oprócz książek w języku polskim oraz tych&nbsp;o Polsce, można znaleźć&nbsp;niemieckojęzyczne wersje dzieł polskich autorów. Książki można zarówno wypożyczyć, jak i kupić. Również książki autorek i autorów, którzy odwiedzają kafejkę, przy dozie szczęścia z ich autografem.&nbsp; &nbsp; W bibliotece gromadzimy książki z następujących działów:&nbsp; Gotenstr. 45 W Kafejce na południu Berlina otworzyliśmy dla Was wolontariacką biblioteczkę dla dzieci, w której gromadzimy polskojęzyczne książki dla dzieci w wieku 0-12 lat.&nbsp; Zasady korzystania z bibliotek:&nbsp; Biblioteka&nbsp;prowadzona jest wolontariacko.&nbsp; Czytelniczki i czytelnicy mogą otrzymać katalog online z wszystkimi pozycjami znajdującymi się w obu bibliotekach.&nbsp; Kontakt E-Mail: bibliothek@sprachcafe-polnisch.org Dostęp do katalogu książek i regulamin biblioteki Katalog: Katalog książek.xlsx Regulamin biblioteczki na Gotenstr. 45: Regulamin biblioteki.docx, Bibliotheksordnung Regulamin biblioteki na Schulzestr. 1: Regulamin biblioteki, Bibliotheksordnung Chętnie przyjmujemy również książki używane. Z góry serdecznie dziękujemy za podarunki! Prosimy o uprzednie przesłanie zdjęcia grzbietu książki/-żek na adres mailowy: bibliothek@sprachcafe-polnisch.org Zajrzyj do naszego sklepiku i kalendarza wydarzeń. Dziękujemy za przekazane nam książki!</p>
