{"id":241,"date":"2021-01-03T15:09:37","date_gmt":"2021-01-03T14:09:37","guid":{"rendered":"https:\/\/sprachcafe-polnisch.org\/?page_id=241"},"modified":"2023-04-12T13:59:11","modified_gmt":"2023-04-12T11:59:11","slug":"newsletter","status":"publish","type":"page","link":"https:\/\/sprachcafe-polnisch.org\/pl\/newsletter\/","title":{"rendered":"Newsletter"},"content":{"rendered":"\n<!-- Begin Mailchimp Signup Form -->\n<div id=\"mc_embed_signup\">\n    <form action=\"https:\/\/sprachcafe-polnisch.us12.list-manage.com\/subscribe\/post?u=cdbb41f9160eb33abbe5274b9&amp;id=8540d2dc3b\" method=\"post\" id=\"mc-embedded-subscribe-form\" name=\"mc-embedded-subscribe-form\" class=\"validate\" target=\"_blank\" novalidate=\"\">\n        <div id=\"mc_embed_signup_scroll\">\n            <p class=\"mc-field-group\">\n                <label for=\"mce-EMAIL\">\n                    Adres e-mail *<br>\n                    <input type=\"email\" value=\"\" name=\"EMAIL\" class=\"required email\" id=\"mce-EMAIL\">\n                <\/label>\n            <\/p>\n            <p class=\"mc-field-group\">\n                <label for=\"mce-FNAME\">\n                    Imi\u0119<br>\n                    <input type=\"text\" value=\"\" name=\"FNAME\" class=\"\" id=\"mce-FNAME\">\n                <\/label>\n            <\/p>\n            <p class=\"mc-field-group\">\n                <label for=\"mce-LNAME\">\n                    Nazwisko<br>\n                    <input type=\"text\" value=\"\" name=\"LNAME\" class=\"\" id=\"mce-LNAME\">\n                <\/label>\n            <\/p>\n            <p class=\"mc-field-group input-group\">\n                <span>Tematyka *<\/span>\n                <label for=\"mce-group[16957]-16957-0\">\n                    <input type=\"checkbox\" value=\"1\" name=\"group[16957][1]\" id=\"mce-group[16957]-16957-0\">\n                    SprachCaf\u00e9\n                <\/label>\n                <label for=\"mce-group[16957]-16957-1\">\n                    <input type=\"checkbox\" value=\"2\" name=\"group[16957][2]\" id=\"mce-group[16957]-16957-1\">\n                    SprachCaf\u00e9 dla rodzic\u00f3w i dzieci\n                <\/label>\n                <label for=\"mce-group[16957]-16957-2\">\n                    <input type=\"checkbox\" value=\"4\" name=\"group[16957][4]\" id=\"mce-group[16957]-16957-2\">\n                    Wieloj\u0119zyczno\u015b\u0107\n                <\/label>\n\t\t<label for=\"mce-group[16957]-16957-3\">\n                    <input type=\"checkbox\" value=\"8\" name=\"group[16957][8]\" id=\"mce-group[16957]-16957-3\">\n\t\t\tSprachCaf\u00e9 na po\u0142udniu Berlina\n\t\t<\/label>\n            <\/p>\n            <div id=\"mergeRow-gdpr\" class=\"mergeRow gdpr-mergeRow content__gdprBlock mc-field-group\">\n                <div class=\"content__gdpr\">\n                    <!--\n                    <p>Einwilligung f\u00fcr den Erhalt von Informationen\n                        Informationen, die Ihr in diesem Formular angebt, werden vom SprachCaf\u00e9 Polnisch e.V. genutzt, um mit Euch in Kontakt zu bleiben und Euch Einladungen f\u00fcr aktuelle Aktivit\u00e4ten und Angebote zu schicken. Gebt uns bitte an, wie Ihr gern von uns kontaktiert werden wollt:\n                    <\/p>\n                    -->\n                    <fieldset class=\"mc_fieldset gdprRequired mc-field-group\" name=\"interestgroup_field\">\n                        <label class=\"checkbox subfield\" for=\"gdpr_8649\">\n                            <input type=\"hidden\" id=\"gdpr_8649\" name=\"gdpr[8649]\" value=\"Y\">\n                            <!--<span>E-Mail<\/span>-->\n                        <\/label>\n                    <\/fieldset>\n                    <p>Podane przez Ciebie dane zostan\u0105 wykorzystane wy\u0142\u0105cznie w celu wysy\u0142ki naszego newslettera i nie b\u0119d\u0105 przekazywane osobom trzecim. Podanie informacji jest dobrowolne. Dla cel\u00f3w statystycznych, wykonujemy anonimowe \u015bledzenie link\u00f3w.<\/p>\n                    <p>Dla Twojego bezpiecze\u0144stwa stosujemy procedur\u0119 &#8222;double opt-in&#8221;. Z tego powodu wysy\u0142amy Ci e-mail, w kt\u00f3rym musisz potwierdzi\u0107 swoj\u0105 bezp\u0142atn\u0105 subskrypcj\u0119 newslettera. Dopiero wtedy rejestracja zostanie zako\u0144czona.<\/p>\n                    <p>Wi\u0119cej informacji mo\u017cna znale\u017a\u0107 w naszej <a href=\"https:\/\/sprachcafe-polnisch.org\/pl\/ochrona-danych-osobowych\/\">polityce prywatno\u015bci<\/a>.<\/p>\n                <\/div>\n                <!--\n                <div class=\"content__gdprLegal\">\n                    <p>We use Mailchimp as our marketing platform. By clicking below to subscribe, you acknowledge that your information will be transferred to Mailchimp for processing. <a href=\"https:\/\/mailchimp.com\/legal\/\" target=\"_blank\" rel=\"noopener noreferrer\">Learn more about Mailchimp's privacy practices here.<\/a><\/p>\n                <\/div>\n                -->\n            <\/div>\n            <div id=\"mce-responses\" class=\"clear\">\n                <div class=\"response\" id=\"mce-error-response\" style=\"display:none\"><\/div>\n                <div class=\"response\" id=\"mce-success-response\" style=\"display:none\"><\/div>\n            <\/div>\n            <!-- real people should not fill this in and expect good things - do not remove this or risk form bot signups-->\n            <div style=\"position: absolute; left: -5000px;\" aria-hidden=\"true\"><input type=\"text\" name=\"b_cdbb41f9160eb33abbe5274b9_8540d2dc3b\" tabindex=\"-1\" value=\"\"><\/div>\n            <div class=\"clear\">\n                <input type=\"submit\" value=\"Subskrybuj\" name=\"subscribe\" id=\"mc-embedded-subscribe\" class=\"button\">\n            <\/div>\n        <\/div>\n    <\/form>\n<\/div>\n<!--End mc_embed_signup-->\n","protected":false},"excerpt":{"rendered":"<p>Adres e-mail * Imi\u0119 Nazwisko Tematyka * SprachCaf\u00e9 SprachCaf\u00e9 dla rodzic\u00f3w i dzieci Wieloj\u0119zyczno\u015b\u0107 SprachCaf\u00e9 na po\u0142udniu Berlina Podane przez Ciebie dane zostan\u0105 wykorzystane wy\u0142\u0105cznie w celu wysy\u0142ki naszego newslettera i nie b\u0119d\u0105 przekazywane osobom trzecim. Podanie informacji jest dobrowolne. Dla cel\u00f3w statystycznych, wykonujemy anonimowe \u015bledzenie link\u00f3w. Dla Twojego bezpiecze\u0144stwa stosujemy procedur\u0119 &#8222;double opt-in&#8221;. Z tego powodu wysy\u0142amy Ci e-mail, w kt\u00f3rym musisz potwierdzi\u0107 swoj\u0105 bezp\u0142atn\u0105 subskrypcj\u0119 newslettera. Dopiero wtedy rejestracja zostanie zako\u0144czona. Wi\u0119cej informacji mo\u017cna znale\u017a\u0107 w naszej polityce prywatno\u015bci.<\/p>\n","protected":false},"author":1,"featured_media":0,"parent":0,"menu_order":7,"comment_status":"closed","ping_status":"closed","template":"","meta":{"jetpack_post_was_ever_published":false,"footnotes":""},"class_list":["post-241","page","type-page","status-publish","hentry"],"acf":[],"jetpack-related-posts":[],"jetpack_sharing_enabled":true,"_links":{"self":[{"href":"https:\/\/sprachcafe-polnisch.org\/pl\/wp-json\/wp\/v2\/pages\/241","targetHints":{"allow":["GET"]}}],"collection":[{"href":"https:\/\/sprachcafe-polnisch.org\/pl\/wp-json\/wp\/v2\/pages"}],"about":[{"href":"https:\/\/sprachcafe-polnisch.org\/pl\/wp-json\/wp\/v2\/types\/page"}],"author":[{"embeddable":true,"href":"https:\/\/sprachcafe-polnisch.org\/pl\/wp-json\/wp\/v2\/users\/1"}],"replies":[{"embeddable":true,"href":"https:\/\/sprachcafe-polnisch.org\/pl\/wp-json\/wp\/v2\/comments?post=241"}],"version-history":[{"count":0,"href":"https:\/\/sprachcafe-polnisch.org\/pl\/wp-json\/wp\/v2\/pages\/241\/revisions"}],"wp:attachment":[{"href":"https:\/\/sprachcafe-polnisch.org\/pl\/wp-json\/wp\/v2\/media?parent=241"}],"curies":[{"name":"wp","href":"https:\/\/api.w.org\/{rel}","templated":true}]}}

<!-- Begin Mailchimp Signup Form -->
<div id="mc_embed_signup">
    <form action="https://sprachcafe-polnisch.us12.list-manage.com/subscribe/post?u=cdbb41f9160eb33abbe5274b9&amp;id=8540d2dc3b" method="post" id="mc-embedded-subscribe-form" name="mc-embedded-subscribe-form" class="validate" target="_blank" novalidate="">
        <div id="mc_embed_signup_scroll">
            <p class="mc-field-group">
                <label for="mce-EMAIL">
                    Adres e-mail *<br>
                    <input type="email" value="" name="EMAIL" class="required email" id="mce-EMAIL">
                </label>
            </p>
            <p class="mc-field-group">
                <label for="mce-FNAME">
                    Imię<br>
                    <input type="text" value="" name="FNAME" class="" id="mce-FNAME">
                </label>
            </p>
            <p class="mc-field-group">
                <label for="mce-LNAME">
                    Nazwisko<br>
                    <input type="text" value="" name="LNAME" class="" id="mce-LNAME">
                </label>
            </p>
            <p class="mc-field-group input-group">
                <span>Tematyka *</span>
                <label for="mce-group[16957]-16957-0">
                    <input type="checkbox" value="1" name="group[16957][1]" id="mce-group[16957]-16957-0">
                    SprachCafé
                </label>
                <label for="mce-group[16957]-16957-1">
                    <input type="checkbox" value="2" name="group[16957][2]" id="mce-group[16957]-16957-1">
                    SprachCafé dla rodziców i dzieci
                </label>
                <label for="mce-group[16957]-16957-2">
                    <input type="checkbox" value="4" name="group[16957][4]" id="mce-group[16957]-16957-2">
                    Wielojęzyczność
                </label>
		<label for="mce-group[16957]-16957-3">
                    <input type="checkbox" value="8" name="group[16957][8]" id="mce-group[16957]-16957-3">
			SprachCafé na południu Berlina
		</label>
            </p>
            <div id="mergeRow-gdpr" class="mergeRow gdpr-mergeRow content__gdprBlock mc-field-group">
                <div class="content__gdpr">
                    <!--
                    <p>Einwilligung für den Erhalt von Informationen
                        Informationen, die Ihr in diesem Formular angebt, werden vom SprachCafé Polnisch e.V. genutzt, um mit Euch in Kontakt zu bleiben und Euch Einladungen für aktuelle Aktivitäten und Angebote zu schicken. Gebt uns bitte an, wie Ihr gern von uns kontaktiert werden wollt:
                    </p>
                    -->
                    <fieldset class="mc_fieldset gdprRequired mc-field-group" name="interestgroup_field">
                        <label class="checkbox subfield" for="gdpr_8649">
                            <input type="hidden" id="gdpr_8649" name="gdpr[8649]" value="Y">
                            <!--<span>E-Mail</span>-->
                        </label>
                    </fieldset>
                    <p>Podane przez Ciebie dane zostaną wykorzystane wyłącznie w celu wysyłki naszego newslettera i nie będą przekazywane osobom trzecim. Podanie informacji jest dobrowolne. Dla celów statystycznych, wykonujemy anonimowe śledzenie linków.</p>
                    <p>Dla Twojego bezpieczeństwa stosujemy procedurę &#8222;double opt-in&#8221;. Z tego powodu wysyłamy Ci e-mail, w którym musisz potwierdzić swoją bezpłatną subskrypcję newslettera. Dopiero wtedy rejestracja zostanie zakończona.</p>
                    <p>Więcej informacji można znaleźć w naszej <a href="https://sprachcafe-polnisch.org/pl/ochrona-danych-osobowych/">polityce prywatności</a>.</p>
                </div>
                <!--
                <div class="content__gdprLegal">
                    <p>We use Mailchimp as our marketing platform. By clicking below to subscribe, you acknowledge that your information will be transferred to Mailchimp for processing. <a href="https://mailchimp.com/legal/" target="_blank" rel="noopener noreferrer">Learn more about Mailchimp's privacy practices here.</a></p>
                </div>
                -->
            </div>
            <div id="mce-responses" class="clear">
                <div class="response" id="mce-error-response" style="display:none"></div>
                <div class="response" id="mce-success-response" style="display:none"></div>
            </div>
            <!-- real people should not fill this in and expect good things - do not remove this or risk form bot signups-->
            <div style="position: absolute; left: -5000px;" aria-hidden="true"><input type="text" name="b_cdbb41f9160eb33abbe5274b9_8540d2dc3b" tabindex="-1" value=""></div>
            <div class="clear">
                <input type="submit" value="Subskrybuj" name="subscribe" id="mc-embedded-subscribe" class="button">
            </div>
        </div>
    </form>
</div>
<!--End mc_embed_signup-->

<p>Adres e-mail * Imię Nazwisko Tematyka * SprachCafé SprachCafé dla rodziców i dzieci Wielojęzyczność SprachCafé na południu Berlina Podane przez Ciebie dane zostaną wykorzystane wyłącznie w celu wysyłki naszego newslettera i nie będą przekazywane osobom trzecim. Podanie informacji jest dobrowolne. Dla celów statystycznych, wykonujemy anonimowe śledzenie linków. Dla Twojego bezpieczeństwa stosujemy procedurę &#8222;double opt-in&#8221;. Z tego powodu wysyłamy Ci e-mail, w którym musisz potwierdzić swoją bezpłatną subskrypcję newslettera. Dopiero wtedy rejestracja zostanie zakończona. Więcej informacji można znaleźć w naszej polityce prywatności.</p>
